culate (6 - 70) + 5 - (-51 + 72).
-80
98 + -174 + 23 + 10
-43
What is 2 - (-7 + (1 - -11)) - -27?
24
Evaluate -12 + (-2 + -1 + -1 - -1) + (26 - 37).
-26
Calculate -12 - (8 - (4 - -1) - (-63 - -60)).
-18
What is the value of (37 - 28) + (37 - 86)?
-40
-1018 - -1060 - (-3 + 0 - -15)
30
Evaluate 19 - (-38 - -3 - (-95 - -77) - -13).
23
Evaluate -1 - 10 - (-57 + 25 - -32) - (-21 + 55).
-45
Calculate -33 - (10 + (20 - 14)) - (-12 + -1) - 9.
-45
Evaluate -8 + -22 + (42 - 51).
-39
What is 70 + (113 + -241 - -2)?
-56
Calculate 70 - (-98 - -116 - -85).
-33
Evaluate -95 - -75 - (0 - -35) - -15.
-40
Calculate (-42 - 5) + 50 - -29.
32
Evaluate 49 + -2 + (-12 - (16 + -11)) + 6.
36
What is the value of -86 - -61 - (6 + -9 + -11)?
-11
Evaluate (2 - 0) + (-3 - 0) + 53.
52
Evaluate 21 + -19 + -6 + 29 + 11.
36
Calculate 6 - (18 - 24 - -15 - -8).
-11
Calculate -42 + 25 - 28 - -77.
32
What is the value of 75 + 107 + -166 + (1 - 103)?
-86
What is the value of -119 + (24 - 16) + (98 - 74)?
-87
What is the value of 231 + -227 + (-5 + 4 - -3) + 0 + 0?
6
Calculate -7 + (1 + 1 - (17 + (2 - 28))) + -52.
-48
What is the value of -68 - (-36 - -18 - 9)?
-41
(-13 - -30) + 166 + -148
35
Evaluate -38 - (30 + -46) - 5.
-27
Evaluate 125 + -100 - 48 - -26.
3
-1 - -24 - (-109 + 37 + 127)
-32
What is the value of 4 - (100 + -318) - 99?
123
Evaluate (32 - (-12 + 23) - (38 + -6)) + (143 - 3).
129
-1 + 139 + -4 + -20 + (-13 - -11) + 10
122
What is the value of 6 + (-28 + 27 - -33)?
38
What is the value of (155 - 162) + 74 + -17?
50
Calculate (27 - 33 - -32) + -5 + -84.
-63
What is (0 - -5) + -14 + -1 + (-11 - -27) + -5?
1
Calculate -7 + 1 - (0 + 8 + 4 + -10 + 2).
-10
What is (-10 - (268 - 146)) + -16?
-148
What is the value of (3 + 14 - 5) + -29 + 60 + -1?
42
What is the value of (21 + 12 - 8) + 7 - 15?
17
What is (0 - (2 - 2) - -12) + (-2 - -4)?
14
Evaluate 93 - 3 - (18 - ((9 - 11) + -6 + 25)).
89
What is the value of 1 + -83 + -9 + 6 + (-2 + 0 - -1)?
-86
Calculate -9854 + 9872 + (21 - -2).
41
Calculate 40 - -13 - (330 + -321).
44
0 + -18 + (-47 - (98 + -129))
-34
Evaluate (1450 - 1514) + (21 - 5).
-48
What is (-1 - -22 - 19 - 7) + 2 + 9?
6
What is (0 - ((8 - -1) + 105)) + (28 - 43) + 0?
-129
What is 71 - 11 - 79 - 83?
-102
What is -13 - (402 + -367 - (-1 - -17))?
-32
Evaluate -116 + 1 + -8 + (12 - (25 + -12 - 13)).
-111
Evaluate -23 + (25 - 116 - -31).
-83
Evaluate -11 - (-1720 - -1790 - ((-2 - -13) + 0)).
-70
Evaluate (-18 + 3 - (16 - (59 - 20))) + -17.
-9
What is the value of -69 - -74 - -106 - (-10 + 35)?
86
Calculate (-6 - -24 - (33 + -24) - 77) + (-1 - 0).
-69
Calculate 3 + 39 + (-4 + 6 - (0 + -9 + 6)).
47
What is (-5 - ((-10 - -1) + 6)) + 4 - -18?
20
What is the value of 79 - 88 - (15 + 1 + -9 + -153)?
137
What is the value of 11 + -27 + (27 - (-1 + 8))?
4
(-219 - -212) + (-6 - 4) - (-130 + 3)
110
5 + (-4 - (-11 - -14)) - (108 + -235)
125
What is (-1 - -22) + -72 + 113 + -103?
-41
What is -19 + (-1107 - -1066) + (3 - 0)?
-57
What is -15 + -2 + (-4 - 4 - -21) - 33?
-37
Evaluate 4 + -13 - -22 - 10 - (51 + (-1 - -4)).
-51
(30 - ((-14 - -29 - 3) + 2)) + -3 + 14
27
What is 34 - (14 + 27 + -26 - (1 + 2))?
22
Calculate -13 + (23 + -42 - -23) - 5.
-14
What is 6 - (8 - 7) - ((13 - 29) + -2 + -26)?
49
-90 - -192 - 129 - (0 - -35)
-62
What is 19 + -45 + (1 - (27 - 16))?
-36
What is the value of 28 + -21 - -29 - 18?
18
55 + -109 + 91 + -13
24
What is the value of 3 + -15 - (190 - 170) - -15?
-17
-101 + (15 - -85) - (-1 + -49)
49
What is the value of -13 - (-52 + -2 + (0 - 17) + -1816 + 1818)?
56
Evaluate (-99 + 75 - (-4 + -107)) + -19.
68
What is -32 + -1 - (182 + -204) - 21?
-32
(-40 - (1 + (-8 - 0))) + (21 - 17)
-29
13 + (-60 - -2) + 7 - -4
-34
What is -27 + (-17 - 3 - -36) - (-2 + 2 + -4)?
-7
Evaluate 16 - 34 - (-45 + 2).
25
Calculate (12 - ((2 - -13 - -6) + 27 + -35)) + 0.
-1
What is -196 + 53 - -157 - (2 + 31)?
-19
(-9 - 46 - 37) + 44
-48
Calculate -10 - (51 - 22 - 149).
110
-94 + 12 + (41 - -112)
71
What is (-98 - -42 - -54) + -8?
-10
What is 2 - (74 - 84 - -18)?
-6
What is the value of 48 - (-28 + (92 - 21))?
5
What is (71 - 2) + (3 - (6 - -17))?
49
Calculate (97 - 334 - -220) + -98 + 3 + -1.
-113
Calculate (28 - (7 - (3 + -4))) + 2 + -5.
17
Calculate 58 + (-37 + 13 - 9) + 42.
67
Calculate (24 - (-10 - (-205 + 215 - (-1 - -33)))) + 10.
22
Calculate (1 + -2 - 6) + 0 + -23 + (-11 - -51).
10
What is 48 - (-52 + 55 + 5)?
40
What is -9 + (-18 - -14) + 1 - -15 - 9?
-6
What is the value of 1 - (-22 + (-20 - -27)) - (69 + 0)?
-53
What is the value of (-1 - (0 + -6) - -96) + (35 + -12 - 28)?
96
What is -19 + 4 + (0 - 4 - (-113 - -40))?
54
Evaluate 1 + 3 + -1 + (4 - -32 - 30) + 79.
88
What is the value of -2 + 1 + (9 - 3) - -5 - (-8 + -11)?
29
What is the value of -5 - (7 - (0 - -3) - 18 - (-608 + 508))?
-91
Evaluate (-11 - -19) + (0 - -6) + -108 + 110.
16
Evaluate (16 - 159) + 173 + 22.
52
What is the value of 47 + -48 + 41 + 3 + 9 + -7?
45
11 - (-8 - (8 - (10 + -4)) - (140 + -38))
123
What is the value of (0 - 5 - -2) + (11 - 9) + (-33 - -2)?
-32
Evaluate 99 + (7 - 10 - (11 + (-22 - -3) + 3)).
101
What is the value of (1 - -74 - (-22 - -1)) + 11?
107
Evaluate (-4 - (1 + 2)) + 1 + 8 + (30 - -15).
47
(5 - (91 + -22)) + 45 + (0 - -9)
-10
-76 + (-14 - -49 - 13)
-54
Calculate 26 + 27 + -60 + (12 - -3) - 26.
-18
Calculate 20 + 63 + -150 - -91.
24
Evaluate 456 - 438 - (5 + -28).
41
Calculate 0 - -19 - ((1 - -23) + (-57 - -45) - 11).
18
What is the value of -2 - (-26 + 3 - (-33 + (-55 - -90)))?
23
What is -41 + (12 - (8 - (7 + -1)) - 0)?
-31
What is the value of -148 + 59 + -17 - -82?
-24
8 + 14 + -9 - 26 - -40
27
Calculate -2 - -2 - (8 - 74 - -81).
-15
-33 + 2 + 35 + 88 + -28
64
What is (4 - (6 + -11) - 4) + 4 + -38?
-29
(19 + -31 - 10 - -26) + 8 - (-1 - -90)
-77
Evaluate 29 - (21 + 3) - -19.
24
-4 + 40 + (-104 - -106) + (0 - 13)
25
What is the value of -36 + -2 + (2410 - 2393)?
-21
22 + (-7 + 40 + -26 - -13)
42
What is 591 + -610 + (3 - 35)?
-51
Evaluate (10 - (14 - 13) - 122) + (36 - 21).
-98
Evaluate 35 - (54 + -25 + (-25 - -14)).
17
What is the value of -14 - (-27 - (10 + (-117 - -25)))?
-69
What is the value of 27 + -19 + 10 - (9 - -5) - (1 + 0)?
3
Evaluate 198 - 217 - (1 + -34).
14
Calculate 0 + -14 + 1 - (51 - 52 - -68).
-80
Calculate 17 - 5 - ((-6 - 0) + 1 - -42).
-25
What is -24 + 22 + -6 - (-63 + -7 + -1 + 12)?
51
Calculate -14 + (-8 - -1 - (-30 - -19)) + -16.
-26
Calculate 72 - ((-6 - (3 + -15 + 13)) + -3 + 25).
57
862 + -894 - (-34 + -1)
3
Calculate (10 - 33) + 2 + (-2 - -30).
7
-26 - 1 - (-27 - (27 - 22) - -24)
-19
161 - (-5 - (-11 + 3 - 25 - -8))
141
Calculate (6 - (45 + -23)) + 2 + -3.
-17
Evaluate -3 - (-52 - (16 - 71)).
-6
-1 - (-10 + 4) - 19 - 6
-20
Calculate -90 - 144 - (-111 + -16).
-107
(52 + -67 - 21) + -19
-55
Evaluate -93 - (-31 - (42 - 47 - 43)).
-110
What is (122 - (253 - 68)) + 68?
5
Calculate 191 - 171 - (13 + -6 + 12).
1
What is 56 + (-74 - (103 - 70))?
-51
Evaluate (0 - -12) + (2129 - 2194).
-53
What is 4 + (-4 + -13 - -17) + 17 + -4 + 8?
25
57 - (190 + (-51 - 45))
-37
-10 - (50 + -63 - 19)
22
What is -373 + 369 + 4 + (157 - 1) + -3?
153
Calculate 0 - (1 + -26 - (-760 - -809)).
74
-113 + -32 - -102 - -10
-33
What is the value of (14 - 1) + (-59 - (1 - 48))?
1
What is the value of -21 - -103 - (12 - (60 + -52))?
78
Calculate 43 - (-24 + 32 + 33).
2
Evaluate 27 + -11 + 6 + -122 + 24.
-76
What is -41 + -1 + (-2624 - -2593) + -26?
-99
Evaluate (-1 + -26 - (-5 - -6)) + (11 - (0 - -14)).
-31
6 - (-4 + -16 + 12 + -5 + (7 - 0))
12
Evaluate (-45 - 1) + 13 + (-49 - 17).
-99
Evaluate (34 - 9) + -11 + 0 + -18.
-4
Evaluate (-1 - (-1 + -3)) + 39 + (41 - 52).
31
Calculate 65 - (-10 - (8 - 29) - 11).
65
(-4 - -1 - (-2 - (2 + 8))) + -1006 + 959
-38
What is -43 + -1 + 5 + 45 - (-3 + -1)?
10
Evaluate (-26 - -55 - 76) + (-1 - -4) + 3.
-41
Evaluate -30 - (40 + 16 + -96).
10
50 + (-7 - (35 - 10))
18
Calculate -7 - ((15 - (-11 + -3 - -21)) + -33).
18
Evaluate (101 + -43 - 95) + 45.
8
Evaluate 3 + -5 + 7 + (-52 - (20 - 26)).
-41
What is 6 - -33 - 46 - -11?
4
What is 36 + -29 + 1 + 5 + -14 + 16?
15
What is (-164 - -148) + 40 + 3?
27
Calculate (31 - (1 + -1)) + 69 + 152 + -221.
31
Calculate (-29 - 1) + -2 + (-1 - -50).
17
-72 - (-75 + (-8 - -59))
-48
What is -14 + (-22 - 6) + (-2 - 10) +